{"id":211,"date":"2013-03-26T15:27:02","date_gmt":"2013-03-26T14:27:02","guid":{"rendered":"http:\/\/xvrtrainingscenter.wordpress.com\/?page_id=211"},"modified":"2018-09-30T14:29:51","modified_gmt":"2018-09-30T12:29:51","slug":"testimonials","status":"publish","type":"page","link":"https:\/\/blogneu.roteskreuz.at\/einsatztaktiktraining\/testimonials\/","title":{"rendered":"Testimonials"},"content":{"rendered":"<p><a href=\"https:\/\/blogneu.roteskreuz.at\/einsatztaktiktraining\/wp-content\/uploads\/sites\/9\/2013\/03\/michael-gruber-rk-ff.jpg\"><img loading=\"lazy\" decoding=\"async\" class=\"alignleft size-full wp-image-214\" alt=\"michael gruber RK FF\" src=\"https:\/\/blogneu.roteskreuz.at\/einsatztaktiktraining\/wp-content\/uploads\/sites\/9\/2013\/03\/michael-gruber-rk-ff.jpg\" width=\"120\" height=\"179\" \/><\/a><strong>Dir. Michael Gruber<\/strong><br \/>\n<strong> Bezirksstellenleiter Rotes Kreuz F\u00fcrstenfeld<\/strong><br \/>\nAls Bezirksstellenleiter bin ich daran interessiert, die Qualit\u00e4t der Einsatztaktikkenntnisse und der F\u00e4higkeiten der RK Einsatzleiter im Bezirk stetig zu steigern. Durch das etablierte Einsatztaktiktrainingscenter in Laubegg und der XVR Software sehe ich, dass dies in einer annehmbaren Zeit und mit effizienten Mitteln m\u00f6glich ist. Dar\u00fcberhinaus erm\u00f6glicht XVR das Be\u00fcben unseres Einsatzstabes im Bezirk. Ich kann diese Trainings, die von kompetenten und erfahren Einsatzleitern betreut werden, jedem Einsatzoffizier empfehlen und werde verst\u00e4rkt in dieser Richtung im Bezirk FF Ma\u00dfnahmen zur Weiterbildung von Einsatzoffizieren setzen.<\/p>\n<div><\/div>\n<div><\/div>\n","protected":false},"excerpt":{"rendered":"<p>Dir. Michael Gruber Bezirksstellenleiter Rotes Kreuz F\u00fcrstenfeld Als Bezirksstellenleiter bin ich daran interessiert, die Qualit\u00e4t der Einsatztaktikkenntnisse und der F\u00e4higkeiten der RK Einsatzleiter im Bezirk stetig zu steigern. Durch das<\/p>\n","protected":false},"author":42,"featured_media":0,"parent":0,"menu_order":0,"comment_status":"closed","ping_status":"closed","template":"","meta":{"_monsterinsights_skip_tracking":false,"_monsterinsights_sitenote_active":false,"_monsterinsights_sitenote_note":"","_monsterinsights_sitenote_category":0,"jetpack_post_was_ever_published":false,"footnotes":""},"class_list":["post-211","page","type-page","status-publish","hentry"],"jetpack_sharing_enabled":true,"jetpack_shortlink":"https:\/\/wp.me\/PajwO2-3p","_links":{"self":[{"href":"https:\/\/blogneu.roteskreuz.at\/einsatztaktiktraining\/wp-json\/wp\/v2\/pages\/211","targetHints":{"allow":["GET"]}}],"collection":[{"href":"https:\/\/blogneu.roteskreuz.at\/einsatztaktiktraining\/wp-json\/wp\/v2\/pages"}],"about":[{"href":"https:\/\/blogneu.roteskreuz.at\/einsatztaktiktraining\/wp-json\/wp\/v2\/types\/page"}],"author":[{"embeddable":true,"href":"https:\/\/blogneu.roteskreuz.at\/einsatztaktiktraining\/wp-json\/wp\/v2\/users\/42"}],"replies":[{"embeddable":true,"href":"https:\/\/blogneu.roteskreuz.at\/einsatztaktiktraining\/wp-json\/wp\/v2\/comments?post=211"}],"version-history":[{"count":1,"href":"https:\/\/blogneu.roteskreuz.at\/einsatztaktiktraining\/wp-json\/wp\/v2\/pages\/211\/revisions"}],"predecessor-version":[{"id":409,"href":"https:\/\/blogneu.roteskreuz.at\/einsatztaktiktraining\/wp-json\/wp\/v2\/pages\/211\/revisions\/409"}],"wp:attachment":[{"href":"https:\/\/blogneu.roteskreuz.at\/einsatztaktiktraining\/wp-json\/wp\/v2\/media?parent=211"}],"curies":[{"name":"wp","href":"https:\/\/api.w.org\/{rel}","templated":true}]}}