{"id":37,"date":"2012-08-17T09:37:24","date_gmt":"2012-08-17T07:37:24","guid":{"rendered":"http:\/\/xvrtrainingscenter.wordpress.com\/?page_id=37"},"modified":"2012-08-17T09:37:24","modified_gmt":"2012-08-17T07:37:24","slug":"impressum","status":"publish","type":"page","link":"https:\/\/blogneu.roteskreuz.at\/einsatztaktiktraining\/impressum\/","title":{"rendered":"Impressum"},"content":{"rendered":"<p>Das ist ein Blog der Beitr\u00e4ge und Erkenntnisse zu XVR Trainings und Workshops des Bildungs- und Einsatzzentrums des Roten Kreuzes Steiermark postet.<\/p>\n<p><strong>Informationspflichten (\u00a7 5 ECG und UGB)<\/strong><\/p>\n<p>\u00d6sterreichisches Rotes Kreuz<br \/>\nLandesverband Steiermark<br \/>\nMerangasse 26<br \/>\n8010 Graz<br \/>\nTelefon: +43 (0) 50 144 5 &#8211; 10000<br \/>\nFax: +43 (0) 50 144 5 &#8211; 10199<\/p>\n<p>UID:\u00a0 ATU28608003<br \/>\nZVR: 531631892<br \/>\nDVR: 0470953<\/p>\n<p><strong>Vereinsbeh\u00f6rde:<\/strong><\/p>\n<p>Bundespolizeidirektion Graz<br \/>\nPaulustorgasse 8<br \/>\n8011 Graz<\/p>\n<p><strong>Vereinsvorstand:<br \/>\n<\/strong>Gesch\u00e4ftsf\u00fchrung:<br \/>\nDir. Wolfgang Schleich<br \/>\nMag. Andreas Jaklitsch<\/p>\n<p><strong>Vereinszweck:<\/strong><\/p>\n<p><em>\u201eDer Landesverband Steiermark des \u00d6sterreichischen Roten Kreuzes bezweckt in seiner nationalen und internationalen T\u00e4tigkeit, menschliches Leid \u00fcberall und jederzeit zu verh\u00fcten und zu lindern. Er ist bestrebt, Leben und Gesundheit zu sch\u00fctzen und der W\u00fcrde des Menschen Achtung zu verschaffen. Er f\u00f6rdert gegenseitiges Verst\u00e4ndnis, Freundschaft, Zusammenarbeit und einen dauerhaften Frieden unter allen V\u00f6lkern gem\u00e4\u00df den Grunds\u00e4tzen der internationalen Rotkreuz- und Rothalbmondbewegung.&#8220;<\/em><\/p>\n<h2>HAFTUNGSAUSSCHLUSS<\/h2>\n<p><strong>Inhalt des Onlineangebotes <\/strong><\/p>\n<p>Der Autor \u00fcbernimmt keinerlei Gew\u00e4hr f\u00fcr die Aktualit\u00e4t, Korrektheit, Vollst\u00e4ndigkeit oder Qualit\u00e4t der bereitgestellten Informationen. Haftungsanspr\u00fcche gegen den Autor, welche sich auf Sch\u00e4den materieller oder ideeller Art beziehen, die durch die Nutzung oder Nichtnutzung der dargebotenen Informationen bzw. durch die Nutzung fehlerhafter und unvollst\u00e4ndiger Informationen verursacht wurden, sind grunds\u00e4tzlich ausgeschlossen, sofern seitens des Autors kein nachweislich vors\u00e4tzliches oder grob fahrl\u00e4ssiges Verschulden vorliegt.<\/p>\n<p>Alle Angebote sind freibleibend und unverbindlich. Der Autor beh\u00e4lt es sich ausdr\u00fccklich vor, Teile der Seiten oder das gesamte Angebot ohne gesonderte Ank\u00fcndigung zu ver\u00e4ndern, zu erg\u00e4nzen, zu l\u00f6schen oder die Ver\u00f6ffentlichung zeitweise oder endg\u00fcltig einzustellen.<\/p>\n<p><strong>Verweise und Links <\/strong><\/p>\n<p>Bei direkten oder indirekten Verweisen auf fremde Webseiten (\u201cHyperlinks\u201d), die au\u00dferhalb des Verantwortungsbereiches des Autors liegen, w\u00fcrde eine Haftungsverpflichtung ausschlie\u00dflich in dem Fall in Kraft treten, in dem der Autor von den Inhalten Kenntnis hat und es ihm technisch m\u00f6glich und zumutbar w\u00e4re, die Nutzung im Falle rechtswidriger Inhalte zu verhindern.<\/p>\n<p>Der Autor erkl\u00e4rt hiermit ausdr\u00fccklich, dass zum Zeitpunkt der Linksetzung keine illegalen Inhalte auf den zu verlinkenden Seiten erkennbar waren. Auf die aktuelle und zuk\u00fcnftige Gestaltung, die Inhalte oder die Urheberschaft der verlinkten\/verkn\u00fcpften Seiten hat der Autor keinerlei Einfluss. Deshalb distanziert er sich hiermit ausdr\u00fccklich von allen Inhalten aller verlinkten \/verkn\u00fcpften Seiten, die nach der Linksetzung ver\u00e4ndert wurden. Diese Feststellung gilt f\u00fcr alle innerhalb des eigenen Internetangebotes gesetzten Links und Verweise sowie f\u00fcr Fremdeintr\u00e4ge in vom Autor eingerichteten G\u00e4steb\u00fcchern, Diskussionsforen, Linkverzeichnissen, Mailinglisten und in allen anderen Formen von Datenbanken, auf deren Inhalt externe Schreibzugriffe m\u00f6glich sind. F\u00fcr illegale, fehlerhafte oder unvollst\u00e4ndige Inhalte und insbesondere f\u00fcr Sch\u00e4den, die aus der Nutzung oder Nichtnutzung solcherart dargebotener Informationen entstehen, haftet allein der Anbieter der Seite, auf welche verwiesen wurde, nicht derjenige, der \u00fcber Links auf die jeweilige Ver\u00f6ffentlichung lediglich verweist.<\/p>\n<p><strong>Urheber- und Kennzeichenrecht <\/strong><\/p>\n<p>Der Autor ist bestrebt, in allen Publikationen die Urheberrechte der verwendeten Grafiken, Tondokumente, Videosequenzen und Texte zu beachten, von ihm selbst erstellte Grafiken, Tondokumente, Videosequenzen und Texte zu nutzen oder auf lizenzfreie Grafiken, Tondokumente, Videosequenzen und Texte zur\u00fcckzugreifen. Alle innerhalb des Internetangebotes genannten und ggf. durch Dritte gesch\u00fctzten Marken- und Warenzeichen unterliegen uneingeschr\u00e4nkt den Bestimmungen des jeweils g\u00fcltigen Kennzeichenrechts und den Besitzrechten der jeweiligen eingetragenen Eigent\u00fcmer. Allein aufgrund der blo\u00dfen Nennung ist nicht der Schluss zu ziehen, dass Markenzeichen nicht durch Rechte Dritter gesch\u00fctzt sind!<\/p>\n<p>Das Copyright f\u00fcr ver\u00f6ffentlichte, vom Autor selbst erstellte Objekte bleibt allein beim Autor der Seiten. Eine Vervielf\u00e4ltigung oder Verwendung solcher Grafiken, Tondokumente, Videosequenzen und Texte in anderen elektronischen oder gedruckten Publikationen ist ohne ausdr\u00fcckliche Zustimmung des Autors nicht gestattet.<\/p>\n<p><strong>Datenschutz <\/strong><\/p>\n<p>Sofern innerhalb des Internetangebotes die M\u00f6glichkeit zur Eingabe pers\u00f6nlicher oder gesch\u00e4ftlicher Daten (E-Mail-Adressen, Namen, Anschriften) besteht, so erfolgt die Preisgabe dieser Daten seitens des Nutzers auf ausdr\u00fccklich freiwilliger Basis. Die Inanspruchnahme und Bezahlung aller angebotenen Dienste ist \u2013 soweit technisch m\u00f6glich und zumutbar \u2013 auch ohne Angabe solcher Daten bzw. unter Angabe anonymisierter Daten oder eines Pseudonyms gestattet. Die Nutzung der im Rahmen des Impressums oder vergleichbarer Angaben ver\u00f6ffentlichten Kontaktdaten wie Postanschriften, Telefon- und Faxnummern sowie Emailadressen durch Dritte zur \u00dcbersendung von nicht ausdr\u00fccklich angeforderten Informationen ist nicht gestattet. Rechtliche Schritte gegen die Versender von sogenannten Spam-Mails bei Verst\u00f6ssen gegen dieses Verbot sind ausdr\u00fccklich vorbehalten.<\/p>\n<p><strong>Rechtswirksamkeit dieses Haftungsausschlusses <\/strong><\/p>\n<p>Dieser Haftungsausschluss ist als Teil des Internetangebotes zu betrachten, von dem aus auf diese Seite verwiesen wurde. Sofern Teile oder einzelne Formulierungen dieses Textes der geltenden Rechtslage nicht, nicht mehr oder nicht vollst\u00e4ndig entsprechen sollten, bleiben die \u00fcbrigen Teile des Dokumentes in ihrem Inhalt und ihrer G\u00fcltigkeit davon unber\u00fchrt.<\/p>\n<h2>COPYRIGHT<\/h2>\n<p>Der Inhalt dieser Seiten ist grunds\u00e4tzlich urheberrechtlich gesch\u00fctzt. Bei \u00fcber den pers\u00f6nlichen Gebrauch hinausgehender Verwendung (Ver\u00f6ffentlichung, Vervielf\u00e4ltigung, Weitergabe an Dritte, Abdruck in Medien) ist das Steirische Rote Kreuz\u00a0als Urheber zu zitieren.<\/p>\n<p>Alle Informationen erfolgen nach bestem Wissen und Gewissen sowie aktuellem Kenntnisstand. F\u00fcr Fehler kann aber keine Haftung \u00fcbernommen werden. In diesem Zusammenhang wird darauf verwiesen, dass das gesamte Informationsangebot laufend aktualisiert wird.<\/p>\n","protected":false},"excerpt":{"rendered":"<p>Das ist ein Blog der Beitr\u00e4ge und Erkenntnisse zu XVR Trainings und Workshops des Bildungs- und Einsatzzentrums des Roten Kreuzes Steiermark postet. Informationspflichten (\u00a7 5 ECG und UGB) \u00d6sterreichisches Rotes<\/p>\n","protected":false},"author":42,"featured_media":0,"parent":0,"menu_order":0,"comment_status":"closed","ping_status":"closed","template":"","meta":{"_monsterinsights_skip_tracking":false,"_monsterinsights_sitenote_active":false,"_monsterinsights_sitenote_note":"","_monsterinsights_sitenote_category":0,"jetpack_post_was_ever_published":false,"footnotes":""},"class_list":["post-37","page","type-page","status-publish","hentry"],"jetpack_sharing_enabled":true,"jetpack_shortlink":"https:\/\/wp.me\/PajwO2-B","_links":{"self":[{"href":"https:\/\/blogneu.roteskreuz.at\/einsatztaktiktraining\/wp-json\/wp\/v2\/pages\/37","targetHints":{"allow":["GET"]}}],"collection":[{"href":"https:\/\/blogneu.roteskreuz.at\/einsatztaktiktraining\/wp-json\/wp\/v2\/pages"}],"about":[{"href":"https:\/\/blogneu.roteskreuz.at\/einsatztaktiktraining\/wp-json\/wp\/v2\/types\/page"}],"author":[{"embeddable":true,"href":"https:\/\/blogneu.roteskreuz.at\/einsatztaktiktraining\/wp-json\/wp\/v2\/users\/42"}],"replies":[{"embeddable":true,"href":"https:\/\/blogneu.roteskreuz.at\/einsatztaktiktraining\/wp-json\/wp\/v2\/comments?post=37"}],"version-history":[{"count":0,"href":"https:\/\/blogneu.roteskreuz.at\/einsatztaktiktraining\/wp-json\/wp\/v2\/pages\/37\/revisions"}],"wp:attachment":[{"href":"https:\/\/blogneu.roteskreuz.at\/einsatztaktiktraining\/wp-json\/wp\/v2\/media?parent=37"}],"curies":[{"name":"wp","href":"https:\/\/api.w.org\/{rel}","templated":true}]}}