{"id":58,"date":"2012-08-19T11:25:13","date_gmt":"2012-08-19T09:25:13","guid":{"rendered":"http:\/\/xvrtrainingscenter.wordpress.com\/?page_id=58"},"modified":"2020-02-15T11:04:44","modified_gmt":"2020-02-15T10:04:44","slug":"kooperationen","status":"publish","type":"page","link":"https:\/\/blogneu.roteskreuz.at\/einsatztaktiktraining\/kooperationen\/","title":{"rendered":"Kooperationsangebot"},"content":{"rendered":"<p>Unsere Trainings richten sich rein an die MitarbeiterInnen des \u00d6RK Landesverband Steiermark.<\/p>\n<p>Wenn Sie als Kommandant\/F\u00fchrungskraft in einer BOS arbeiten (Feuerwehr, Rettungsdienst, Polizei, Sicherheitsdienst) laden wir Sie recht herzlich ein, in Kontakt mit uns zu kommen oder direkt an unseren Partner <a href=\"http:\/\/www.mindconsole.net\" target=\"_blank\" rel=\"noopener\">Mindconsole GmbH<\/a> (XVRSIM Vertriebs-, Schulungs- und Entwicklungspartner in \u00d6sterreich) zu wenden. Als XVR Center of Excellence f\u00fcr virtuelle Planspiele in <strong>taktischen Belangen <\/strong>bieten wir den MitarbeiterInnen des \u00d6RK Landesverband Steiermark ma\u00dfgeschneiderte Workshops und Ausbildungen an.<\/p>\n<p>Unsere Kooperationspartner:<\/p>\n<ul>\n<li>ASFINAG &#8211; Autobahnen- und Schnellstrassen Finanzierungs-AG<\/li>\n<li>MedUni Graz<\/li>\n<\/ul>\n<p>Bei Interesse stehen wir Ihnen f\u00fcr R\u00fcckfragen gerne zur Verf\u00fcgung <a href=\"http:\/\/xvrtrainingscenter.wordpress.com\/kontakt\">&gt;&gt;Kontakt<\/a><\/p>\n","protected":false},"excerpt":{"rendered":"<p>Unsere Trainings richten sich rein an die MitarbeiterInnen des \u00d6RK Landesverband Steiermark. Wenn Sie als Kommandant\/F\u00fchrungskraft in einer BOS arbeiten (Feuerwehr, Rettungsdienst, Polizei, Sicherheitsdienst) laden wir Sie recht herzlich ein,<\/p>\n","protected":false},"author":42,"featured_media":0,"parent":0,"menu_order":0,"comment_status":"closed","ping_status":"closed","template":"","meta":{"_monsterinsights_skip_tracking":false,"_monsterinsights_sitenote_active":false,"_monsterinsights_sitenote_note":"","_monsterinsights_sitenote_category":0,"jetpack_post_was_ever_published":false,"footnotes":""},"class_list":["post-58","page","type-page","status-publish","hentry"],"jetpack_sharing_enabled":true,"jetpack_shortlink":"https:\/\/wp.me\/PajwO2-W","_links":{"self":[{"href":"https:\/\/blogneu.roteskreuz.at\/einsatztaktiktraining\/wp-json\/wp\/v2\/pages\/58","targetHints":{"allow":["GET"]}}],"collection":[{"href":"https:\/\/blogneu.roteskreuz.at\/einsatztaktiktraining\/wp-json\/wp\/v2\/pages"}],"about":[{"href":"https:\/\/blogneu.roteskreuz.at\/einsatztaktiktraining\/wp-json\/wp\/v2\/types\/page"}],"author":[{"embeddable":true,"href":"https:\/\/blogneu.roteskreuz.at\/einsatztaktiktraining\/wp-json\/wp\/v2\/users\/42"}],"replies":[{"embeddable":true,"href":"https:\/\/blogneu.roteskreuz.at\/einsatztaktiktraining\/wp-json\/wp\/v2\/comments?post=58"}],"version-history":[{"count":2,"href":"https:\/\/blogneu.roteskreuz.at\/einsatztaktiktraining\/wp-json\/wp\/v2\/pages\/58\/revisions"}],"predecessor-version":[{"id":544,"href":"https:\/\/blogneu.roteskreuz.at\/einsatztaktiktraining\/wp-json\/wp\/v2\/pages\/58\/revisions\/544"}],"wp:attachment":[{"href":"https:\/\/blogneu.roteskreuz.at\/einsatztaktiktraining\/wp-json\/wp\/v2\/media?parent=58"}],"curies":[{"name":"wp","href":"https:\/\/api.w.org\/{rel}","templated":true}]}}