{"id":76,"date":"2013-05-13T16:45:01","date_gmt":"2013-05-13T14:45:01","guid":{"rendered":"http:\/\/blog.roteskreuz.at\/protect\/?page_id=76"},"modified":"2013-05-13T16:45:01","modified_gmt":"2013-05-13T14:45:01","slug":"freiwillige-vor","status":"publish","type":"page","link":"https:\/\/blogneu.roteskreuz.at\/protect\/freiwillige-vor\/","title":{"rendered":"Freiwillige Mitarbeit"},"content":{"rendered":"<p style=\"text-align: justify\"><span style=\"color: #9e0909\"><strong>PROTECT &#8211; Wir f\u00fcr Wien\u00a0<\/strong><span style=\"color: #000000\">sucht Freiwillige, die sich in ihrer Freizeit als\u00a0<span style=\"color: #9e0909\"><strong>\u00a0<\/strong><\/span><strong><span style=\"color: #9e0909\">&#8222;Hilfe im Notfall&#8220;-TrainerInnen\u00a0<\/span><\/strong><span style=\"color: #000000\">engagieren m\u00f6chten. Sie\u00a0vermitteln ZuwanderInnen in Wien durch kostenlose Workshops\u00a0grundlegendes Wissen und geben wichtige Tipps, wie man sich in Notf\u00e4llen\u00a0richtig verh\u00e4lt. Au\u00dferdem informieren sie \u00fcber weitere\u00a0Informationsstellen und erz\u00e4hlen, was es bedeutet sich in der Freizeit unentgeltlich Zeit zu spenden.\u00a0<\/span><\/span><\/span><\/p>\n<figure id=\"attachment_1527\" aria-describedby=\"caption-attachment-1527\" style=\"width: 200px\" class=\"wp-caption alignright\"><img loading=\"lazy\" decoding=\"async\" class=\"wp-image-1527 size-medium\" src=\"https:\/\/blogneu.roteskreuz.at\/protect\/wp-content\/uploads\/sites\/8\/2013\/05\/IMG_2735-1-200x300.jpg\" width=\"200\" height=\"300\" \/><figcaption id=\"caption-attachment-1527\" class=\"wp-caption-text\">&#8222;Ich liebe es, Leuten lebensrettendes Wissen zu vermitteln und sie zu motivieren, sich zu engagieren. Mein Engagement erm\u00f6glicht es mir, nicht nur vielf\u00e4ltige, interessante Menschen kennenzulernen, sondern auch, Erfahrungen auszutauschen und viel dabei zu lernen.&#8220; (Zeinab Tajik, Freiwillige seit 2014)<\/figcaption><\/figure>\n<p style=\"text-align: justify\"><span style=\"color: #9e0909\"><span style=\"color: #000000\">Die<\/span><\/span><strong><span style=\"color: #9e0909\"> PROTECT-TrainerInnen:<br \/>\n<\/span><\/strong><\/p>\n<ul>\n<li>&#8230;.tragen gerne vor Gruppen vor.<\/li>\n<li>&#8230;.k\u00f6nnen selbstst\u00e4ndig im Team Workshops planen und durchf\u00fchren.<\/li>\n<li>&#8230;.verf\u00fcgen \u00fcber vielf\u00e4ltige Sprachkompetenzen. Vor allem \u00fcber Freiwillige mit Englisch-,T\u00fcrkisch-, Arabisch-, Persisch-Kenntnissen fr<span style=\"color: #9e0909\"><span style=\"color: #000000\">euen wir uns sehr! (Deutschkenntnisse B1 von Vorteil)\u00a0<\/span><\/span><\/li>\n<li>&#8230;engagieren sich gerne im Team.<\/li>\n<li>&#8230;haben die F\u00e4higkeit, andere zu motivieren.<\/li>\n<li>&#8230; haben Zeit und Interesse, mindestens zwei Workshops pro Monat durchzuf\u00fchren.<\/li>\n<li>&#8230;.f\u00fchren die Workshops kostenlos in ihrer Freizeit durch.<\/li>\n<li>&#8230;sind bereit, sich laufend mit der Projektleitung auszutauschen<\/li>\n<li>&#8230;.absolvieren eine interne zweit\u00e4gige Schulung und nehmen regelm\u00e4\u00dfig an Austausch-Treffen und Weiterbildungen teil.<\/li>\n<li>&#8230;.m\u00f6chten Teil einer weltumspannenden Rotkreuz-\/Rothalbmond-Bewegung sein.<\/li>\n<\/ul>\n<p><img loading=\"lazy\" decoding=\"async\" class=\"alignleft wp-image-1477 size-full\" src=\"https:\/\/blogneu.roteskreuz.at\/protect\/wp-content\/uploads\/sites\/8\/2016\/06\/IMG_8634-Kopie.jpg\" width=\"402\" height=\"336\" \/><\/p>\n<p>&nbsp;<\/p>\n<p>&nbsp;<\/p>\n<p>&nbsp;<\/p>\n<p>&nbsp;<\/p>\n<p>&nbsp;<\/p>\n","protected":false},"excerpt":{"rendered":"<p>PROTECT &#8211; Wir f\u00fcr Wien\u00a0sucht Freiwillige, die sich in ihrer Freizeit als\u00a0\u00a0&#8222;Hilfe im Notfall&#8220;-TrainerInnen\u00a0engagieren m\u00f6chten. Sie\u00a0vermitteln ZuwanderInnen in Wien durch kostenlose Workshops\u00a0grundlegendes Wissen und geben wichtige Tipps, wie man sich in Notf\u00e4llen\u00a0richtig verh\u00e4lt. Au\u00dferdem informieren sie \u00fcber weitere\u00a0Informationsstellen und erz\u00e4hlen, was es bedeutet sich in der Freizeit unentgeltlich Zeit zu spenden.\u00a0 Die PROTECT-TrainerInnen: &#8230;.tragen gerne &hellip; <\/p>\n<p class=\"link-more\"><a href=\"https:\/\/blogneu.roteskreuz.at\/protect\/freiwillige-vor\/\" class=\"more-link\"><span class=\"screen-reader-text\">\u201eFreiwillige Mitarbeit\u201c<\/span> weiterlesen<\/a><\/p>\n","protected":false},"author":1,"featured_media":1235,"parent":0,"menu_order":0,"comment_status":"closed","ping_status":"closed","template":"","meta":{"_monsterinsights_skip_tracking":false,"_monsterinsights_sitenote_active":false,"_monsterinsights_sitenote_note":"","_monsterinsights_sitenote_category":0,"footnotes":""},"class_list":["post-76","page","type-page","status-publish","has-post-thumbnail","hentry"],"_links":{"self":[{"href":"https:\/\/blogneu.roteskreuz.at\/protect\/wp-json\/wp\/v2\/pages\/76","targetHints":{"allow":["GET"]}}],"collection":[{"href":"https:\/\/blogneu.roteskreuz.at\/protect\/wp-json\/wp\/v2\/pages"}],"about":[{"href":"https:\/\/blogneu.roteskreuz.at\/protect\/wp-json\/wp\/v2\/types\/page"}],"author":[{"embeddable":true,"href":"https:\/\/blogneu.roteskreuz.at\/protect\/wp-json\/wp\/v2\/users\/1"}],"replies":[{"embeddable":true,"href":"https:\/\/blogneu.roteskreuz.at\/protect\/wp-json\/wp\/v2\/comments?post=76"}],"version-history":[{"count":0,"href":"https:\/\/blogneu.roteskreuz.at\/protect\/wp-json\/wp\/v2\/pages\/76\/revisions"}],"wp:featuredmedia":[{"embeddable":true,"href":"https:\/\/blogneu.roteskreuz.at\/protect\/wp-json\/wp\/v2\/media\/1235"}],"wp:attachment":[{"href":"https:\/\/blogneu.roteskreuz.at\/protect\/wp-json\/wp\/v2\/media?parent=76"}],"curies":[{"name":"wp","href":"https:\/\/api.w.org\/{rel}","templated":true}]}}